 of z?
3
Suppose v + z = 6, 4*v - 15 = -0*z - z. What is the units digit of v?
3
Let z = 5 + -9. Let p = 4 - 3. Let r = p - z. What is the units digit of r?
5
Suppose 3*f - 3*o = 0, -5*f - 28 = -o + 3*o. Let n(m) be the third derivative of m**6/120 + m**5/15 - m**4/8 - 2*m**3/3 - m**2. What is the units digit of n(f)?
8
Let h(m) = 383*m**3 - m**2 + 2*m - 1. What is the tens digit of h(1)?
8
Suppose -71 = -2*v + 5. Let b = v + -18. What is the units digit of b?
0
Let w = -3 - -119. What is the tens digit of w?
1
Suppose -759 + 169 = -5*g. What is the tens digit of g?
1
Let k = -130 + 191. What is the tens digit of k?
6
What is the tens digit of (4/6)/(7/147)?
1
Suppose -5*w + 18 = 3. What is the units digit of 53 - 0/(1 - w)?
3
Let l(z) = -z**2 + 5*z + 7. Let i be l(6). Suppose 0 = -b + i + 2. What is the units digit of b?
3
Suppose 5*w - 2*m - 1297 = 0, -6*w + 2*w = 2*m - 1034. What is the tens digit of w?
5
Let j(n) = -n**3 - 12*n**2 + 14*n + 17. What is the units digit of j(-13)?
4
Let i = 46 - 28. Suppose v - 11 = 2*p, -2*v + 5*p = -0*p - i. What is the tens digit of v?
1
Suppose -3*t - 4*c + 2*c = -25, 0 = t - 3*c - 1. Let l = t + 4. Let x = l - 2. What is the units digit of x?
9
Let h(m) = m + 1. Let o be h(-3). Let i(n) = 2*n + 6. Let j be i(-7). Let u = o - j. What is the units digit of u?
6
Let w(f) be the first derivative of f**3/3 - 3*f**2/2 - 5*f - 6. What is the tens digit of w(-3)?
1
What is the tens digit of 264/16*(-8)/(-6)?
2
What is the tens digit of (2*-1)/((-4)/70)?
3
Suppose -4*k - 3*m - 30 = 0, -k - m + 0*m = 8. Let y = -4 - k. Suppose -25 = -5*c, 3*w = c + c + y. What is the units digit of w?
4
Let r = -2686 + 1282. What is the tens digit of 2/(-7) - r/63?
2
Let l(g) = 7 + 1 + 5*g**2 - g**3 - 5*g - 2. Let s be l(4). Suppose 2*k - s*o = 16, 4*o + 9 = 5*k - 27. What is the units digit of k?
4
Let z(y) = -y**2 + 9*y + 12. Let s be z(10). Suppose -23 - 53 = -5*b + l, 0 = -b + s*l + 17. What is the units digit of b?
5
Suppose 2*t = -2*t + 12. Suppose -2*g - 22 = -t*p, 5*p - 30 = p + 2*g. What is the units digit of p?
8
Let m = 28 - -12. What is the tens digit of m?
4
Suppose -5*h = 5*t - 385, 0*t - 2*t = -3*h + 256. Suppose 2*d - h = -5*v, -4 = -2*d - 2. What is the units digit of v?
6
Let g(x) = x + 10. Let d(i) = -2*i - 20. Let s(q) = q**3 + 6*q**2 + 3*q + 7. Let z be s(-6). Let v(y) = z*g(y) - 6*d(y). What is the units digit of v(0)?
0
Suppose 2*w - 8 = -0*a + 2*a, 4*a = 2*w - 6. Suppose 2*n - 70 = -w*x, 5*x + n - 3*n = 50. What is the tens digit of x?
1
Suppose 5*d = 16 + 9. Let p = d + -3. Suppose p*q = 1 + 3. What is the units digit of q?
2
Suppose -5*v = -s - 163, v = 5*v - 4*s - 140. Let x = -19 + v. What is the tens digit of x?
1
Let a(i) = -i**2 - 3 - 3*i - 2 + 10*i. Let t be a(6). Suppose 2 = f - t. What is the units digit of f?
3
Suppose 0 = 3*s - 4*b - 195, 2*b = 3*s + s - 250. What is the units digit of s?
1
Let c(y) = 5 - 4*y**2 + y**3 + 9 - 6*y**2 - y. Let f be c(10). Let b(d) = -d**3 + 5*d**2 - 3*d + 6. What is the units digit of b(f)?
0
Suppose 1 = -3*l - 5. Let z = l - -5. Suppose -4*v + 5*m = 3*m - 22, z*v - 9 = 3*m. What is the units digit of v?
8
Let q(m) = m + 18. What is the units digit of q(16)?
4
Let w be 69/(-12) + 2/(-8). Let z(a) = a**3 + 7*a**2 + 5*a + 4. What is the units digit of z(w)?
0
Let c = -3 + 116. What is the tens digit of c?
1
Suppose 26*v - 2124 = 17*v. What is the hundreds digit of v?
2
Suppose 10*g + 60 = 14*g. What is the units digit of g?
5
Let u = -7 - -15. Let i(l) = l**3 + 6*l**2 + 5*l + 4. Let g be i(-5). Let f = u + g. What is the tens digit of f?
1
Suppose -2*a = 5*u - 121, u + 130 = 2*a - 3*u. What is the tens digit of a?
6
Let p(j) = -j**2 + 7*j + 3. Let b be p(7). Suppose -2*h + 47 = 3*l, -2*h + 4*h + 31 = b*l. What is the units digit of l?
3
Suppose -j = -2*j + 8. Let n = j - 4. What is the units digit of 2/(2 + (-7)/n)?
8
Suppose 2*u = 8 + 16. What is the tens digit of u?
1
Suppose -786 = -13*i + 436. What is the tens digit of i?
9
Suppose 2*x + 3*x = 365. What is the tens digit of x?
7
Suppose 5*u - 153 = n, -5*u + 3*n = -70 - 79. Suppose 34 = k - u. Suppose 5*w = -9*t + 4*t + k, 0 = w + 5*t - 17. What is the units digit of w?
2
What is the units digit of (-142)/(-9) + (-2)/(-9)?
6
Let f(t) = -t**3 - 8*t**2 + 10*t + 10. Let z be f(-9). Suppose 0 = -2*j - k - 20, 2*j + 2*k = -z - 15. What is the units digit of (-28)/j + (-4)/(-6)?
3
Suppose 0*x - 2*x + 34 = -2*g, -2*x + 55 = 5*g. What is the tens digit of x?
2
Let m be (-3)/2*10/(-3). What is the units digit of (-4)/(-20) - (-24)/m?
5
Suppose 0 = -5*i + 5*k + 60, -2*i + 4 = 3*k + 5. Suppose 13 = 4*q - i. What is the units digit of q?
5
Let o(q) = -q**2 + 1. Let d(j) = -6*j**2 + 3*j + 7. Let f(k) = -d(k) + 5*o(k). What is the tens digit of f(-4)?
2
Let q(c) be the first derivative of -c**2/2 + 17*c - 3. What is the units digit of q(13)?
4
Let x(h) = -8*h - 7. Let s be x(-5). Let c = 46 - s. What is the tens digit of c?
1
Suppose 0 = 2*u - 20 - 86. What is the units digit of u?
3
Let n(h) = -h**3 - 10*h**2 - 23*h - 15. What is the tens digit of n(-9)?
1
Let t be (8/12)/(2/12). Let l = -1 + t. What is the units digit of l?
3
Suppose -2 + 6 = 2*w. Suppose 0 = w*c + c - 54. Suppose 3*x - x - 3 = b, -5*b = x - c. What is the units digit of x?
3
Let g(c) = c**2 - 10. What is the tens digit of g(7)?
3
Suppose -4*a - t = 4*t - 122, 60 = 2*a + 2*t. What is the tens digit of a?
2
Let f = -2 + 0. What is the units digit of 3*2/(-12)*f?
1
Let x(l) = l**2 + 12*l + 16. Let f be x(-11). Suppose -2*s + f*c = -16, 2*s = -3*c - 2*c - 24. Let g(a) = -a**2 - 5*a - 3. What is the units digit of g(s)?
3
Let n(y) = -y**3 - 10*y**2 + y + 6. What is the units digit of n(-11)?
6
Suppose 5*b + 61 = 506. What is the units digit of b?
9
Let a(p) = -8*p - 1. Let c(z) = -z**3 - 4*z**2 + 6*z + 4. Let j be c(-5). What is the units digit of a(j)?
7
Let j(a) = -6*a - 4. Let n be j(4). Let l = 11 + n. Let k = -7 - l. What is the tens digit of k?
1
Suppose q + 24 = 3*q - s, -5*s + 20 = 0. Suppose 3*f - 2*w + 0*w = 47, 0 = -f - w + q. What is the tens digit of f?
1
Suppose 0 = -5*p + 2*g + 55, 0 = 3*p - 3*g - 35 + 11. Suppose p = 2*z + 3. What is the units digit of z?
5
Suppose 3*c - 12 = -4*a, -4*c + 12 = -a - 4. Suppose 0 = -5*m + c*z - 24, 3*m - 13 = 6*m - z. What is the tens digit of 2/m*(-15 - 5)?
1
Suppose 4*p = 6 - 66. Let t = -2 - -3. What is the units digit of -4 - p - (t - -2)?
8
Let y = 39 - 9. Suppose -5*o + y = -2*v + 4*v, 3*v - 4*o = 45. What is the tens digit of v?
1
Let h(x) = x**2 + 4*x - 13. What is the tens digit of h(7)?
6
Let y = 36 + 44. What is the units digit of y?
0
Suppose 65 + 82 = 3*w. What is the tens digit of w?
4
Suppose -189 + 29 = -5*w. What is the units digit of w?
2
Suppose -3*m + m = 424. What is the tens digit of (-6)/21 + m/(-7)?
3
Suppose 3*f + 14 = 38. Suppose -f = -4*y + m + 2, -4*y + 3*m = -14. Suppose -y*b - 3*c = -c - 6, -31 = -5*b - c. What is the units digit of b?
7
Suppose 3*y - 8*y = -1155. What is the units digit of y?
1
Suppose -3*d + 7 = -2. Suppose -n - d + 5 = 0. What is the units digit of 1 + (-2 + 2)/n?
1
Suppose 4*o + 4 = 4*u, -4*o - 2 + 0 = -2*u. Let v be 1 + (24/1 - u). Suppose 0 = -4*l - 0*l + v. What is the units digit of l?
6
Suppose 5*a - s + 30 = 0, 3*a - a - s + 9 = 0. Let m = a - -18. What is the units digit of m?
1
Let z be (-28)/(-8) + 2/(-4). Let x be 0 - (0 + -3) - 2. What is the units digit of (x - (-1)/(-3))*z?
2
Let n(t) = -5*t - 7. Let u be n(-8). Suppose -2*h + 1 = -u. What is the units digit of h?
7
Let s(i) be the first derivative of i**3/3 - 5*i**2/2 + 6*i - 3. What is the units digit of s(7)?
0
Let d = 8 + -3. Suppose z + 2 = d. Suppose 0 + z = h. What is the units digit of h?
3
Suppose -5*b + 3*b - 10 = 0. Let a be 24/30*b/(-2). Suppose 1 = t - a. What is the units digit of t?
3
Suppose -3*y - 7*d = -3*d + 16, 12 = -4*y + 4*d. What is the units digit of 29 + y/((-16)/12)?
2
Suppose -15 - 1 = -4*g. Suppose -28 = -g*x + 40. Let b = x + -10. What is the units digit of b?
7
Suppose -4*y + 2*r = -0*r - 88, -4*r = 0. Let z = -16 + y. Suppose o - 8 = z. What is the units digit of o?
4
Suppose -5*o - 2*l = -4*l - 121, -6 = -3*l. What is the units digit of o?
5
Let o(a) = -a**2 - 7*a. 